t(c)?
-4
Let z(l) = 5*l - 1. Let a(y) = 4*y**2 + 2*y + 1. Let g be a(-1). Suppose -3*n + g = -2*q - 0*n, 3 = 2*q - n. Suppose -3 = -0*i + q*i. Give z(i).
-6
Let h be 6 - (4 - 0/(-3)). Suppose 0 = 4*v + 5*u - 8, h*v - 5*u + 39 = 13. Let i(n) = -n**2 - 2*n. Give i(v).
-3
Let u(o) = o**2 - 13*o + 29. Let b be u(10). Let c(t) = 30*t + 1. Calculate c(b).
-29
Let h(y) = 4*y - 64*y**2 + 4 + 63*y**2 + 0 + 3. Determine h(6).
-5
Let b(z) = -z**2 + 9*z - 5. Let t be (-16)/(-14)*49/14. Suppose -17 = -t*q - 2*c + 23, 2*c + 23 = 3*q. Determine b(q).
-5
Let d(a) = 2*a**3 - 3*a**2 - 1. Let n(p) = -p**3 + p**2. Let t(i) = 6*d(i) + 11*n(i). Suppose -3*r + 70*r - 469 = 0. Determine t(r).
-6
Let d(p) = 2*p + 7. Let l be d(-6). Let c = -2 - l. Let h(u) = -2*u**2 - 9. Let f(v) = -5*v**2 - v - 26. Let m(w) = c*f(w) - 8*h(w). What is m(5)?
4
Let b(o) = -o - o**2 + o**3 + 62 - 34 - 28. Calculate b(0).
0
Suppose -2*x = o - 2, -3*x + 5*o - 2*o = -3. Let w(h) = h**2 - 5*h - 5. Let u(n) be the first derivative of n - 13. Let i(v) = x*w(v) + 6*u(v). Calculate i(6).
7
Let y be 54 + (-3 - -4 - 0/(-2)). Let z = y + -61. Let m(n) = n**2 + 9*n + 9. What is m(z)?
-9
Let v(a) = a**3 + 0 + 89*a - 187*a + 87*a - 14*a**2 - 6. What is v(15)?
54
Let g(f) = -2*f + 11. Suppose 4*j - 5*j + 3*i = -14, -5*j + 36 = 2*i. Give g(j).
-5
Let k = -7 + 10. Let b(g) = k*g - 9 + 5 + 6. Give b(2).
8
Let a(y) = y**2 + y - 10. Let t be a(0). Let d be 56/10 + (-4)/t. Let z(r) be the first derivative of -r**3/3 + 3*r**2 - 5*r + 208. What is z(d)?
-5
Suppose v + 1 = -0*v. Let a = 33 - 30. Let f(l) = -15*l**a + 35*l**3 - 16*l**3 - 1 + 2*l**2. Give f(v).
-3
Suppose -5*i = -4*h - 28, -i = 51*h - 54*h - 10. Let q(m) be the first derivative of 7/3*m**3 + 3*m - 3*m**2 - 1/4*m**i - 1. What is q(6)?
3
Let j = -24 - -29. Suppose -45 = 5*i + c, -2*i - j*c - 49 = i. Let p(y) be the first derivative of -y**3/3 - 7*y**2/2 + 4*y + 1. Determine p(i).
-4
Let v be (-912)/336 - (1 - 10/14). Let f be (-6)/8*(-8)/3. Let i(c) = -2 + 2*c + 1 + 0 + c**2 - f. Give i(v).
0
Let i be (2 + -3)/(2/4). Let l be -1 - -1 - 18/i. Let g(y) = -l*y + 5*y + 10*y. What is g(1)?
6
Let a(w) = -w. Let h(t) = -4*t - 2. Let j(l) = 5*a(l) - h(l). Suppose 4*v - 29 = -3*r, 2*r - 10 = -2*v + 8. Give j(v).
0
Let m(i) = 7283*i - 3 - 7277*i + 1. Calculate m(-3).
-20
Let g = 34 - 34. Suppose g = 3*r - 2*r + 4. Let u(s) = 2*s + 4. Give u(r).
-4
Let l(s) = -s**3 + 3*s**2 - s - 1. Let v be l(3). Let b(u) be the first derivative of -u**2/2 - u + 1. Determine b(v).
3
Let z(a) = -28*a**2 - a + 9*a**2 - 4 + 7*a**2 + 11*a**2. Give z(-5).
-24
Let j(s) = -8*s - 72. Let x = 1173 - 1181. Determine j(x).
-8
Let i(v) = v**2 + 34 + 2*v - 37 + 0*v. Let q(k) = k**2 + 2*k - 4. Let t(c) = -3*i(c) + 2*q(c). Give t(1).
-2
Let f(i) = 11*i - 9. Let y(q) = -21*q + 18. Let k(n) = -11*f(n) - 6*y(n). Determine k(3).
6
Let n(h) = -77*h - 2*h**2 - 73*h + 154*h. Give n(2).
0
Let p(y) = y**3 - 6*y**2 - 7*y - 5. Let n(f) = -38 + 18 + f + 18. Let t be n(9). Determine p(t).
-5
Let c = 67 - 67. Suppose 2*s + w + w = c, -2*s + 1 = w. Let t(o) = -3*o. What is t(s)?
-3
Let t(i) = -8*i - 4*i + 20*i + 3 - 10*i. Determine t(4).
-5
Let h(i) be the first derivative of i**3/3 + 3*i**2/2 - 6*i - 139. Calculate h(6).
48
Let m(c) = -c**3 - 4*c**2 + c + 4. Let a be m(-3). Let s(i) = -i - 6. Calculate s(a).
2
Let m(u) = 2*u**2 + 4 - 5*u**2 + 2*u**2 - 7*u + 2*u**2. Suppose 0 = -7*w + 5*w + 14. What is m(w)?
4
Suppose 3*v - 23 + 41 = 0. Let j(s) = -s**3 - 6*s**2 - 8*s - 7. Determine j(v).
41
Let m(d) be the second derivative of -d**5/20 - d**4/3 + d**3/2 - 7*d**2/2 + 2*d + 3. Calculate m(-5).
3
Let h(o) = 13*o**3 + 19*o**3 + 2*o**2 + 2 - 58*o**3 + 13*o**3 + 14*o**3. Determine h(-3).
-7
Suppose -8*i + 148 = -6*i. Let c = i - 67. Let t(w) = -w + 7. Determine t(c).
0
Let f(i) = -5*i - 7. Let w(m) = 0*m + 10*m + 8 - 2*m - 2*m. Let y(a) = -7*f(a) - 6*w(a). Determine y(7).
-6
Let j = -9 + 6. Let a(h) = -5*h**2 - 8*h**3 + 16*h + 7*h**3 - 33*h + 14*h. Calculate a(j).
-9
Let g(i) = 5*i + 32. Let w be g(-8). Let f be (11 + -7 + w)/((-2)/(-4)). Let z(v) = -4*v + 9. Let c(y) = -y - 1. Let p(m) = 5*c(m) - z(m). What is p(f)?
-6
Let o(l) = 10*l - 6. Let p(v) = 2*v - 7. Let s(y) = -3*y + 11. Let t(q) = 8*p(q) + 5*s(q). Let x(j) = o(j) - 6*t(j). Calculate x(1).
4
Let r(c) = 4*c**2 - c**2 - 4*c**2 + 5*c + 0 + 2 + 2*c**2. Give r(-2).
-4
Let f be ((-3)/(-6))/(2/24). Let i(x) be the first derivative of x**3/3 - 5*x**2/2 - x + 20. Calculate i(f).
5
Suppose -4*h - j + 21 = 0, -h + 7*j - 3*j = -18. Let n(r) = -5*r**2 + 6*r - h*r - r**3 + 2. Let b = -246 - -243. Determine n(b).
-16
Let p(f) be the second derivative of -f**5/20 + 5*f**4/12 + 4*f**3/3 - 5*f**2 - 89*f. What is p(6)?
2
Let d(z) = -z + 4. Suppose 0 = -2*n + 6*n + 8. Let s(i) = -2*i**3 - i**2 + 3*i. Let t be s(n). Give d(t).
-2
Let l(s) = -s**2 + 2*s - 3. Let k(m) = -2*m**2 - 25*m + 15. Let j be k(-13). Determine l(j).
-3
Let t(o) = -2*o - 1. Let y(i) = 2*i**2 - 14*i - 13. Let h be y(8). Let r be (-10)/8 - ((-22)/(-8) - h). What is t(r)?
1
Suppose -5*v = -4*j + 2*j + 20, 17 = 3*j - v. Suppose -l + j = 4*l. Let y(x) = 5*x + 0*x + 1 - x. What is y(l)?
5
Suppose 6*s = 13*s. Let i(v) = s - 6 + 6*v + 4*v - 9*v. Give i(9).
3
Let k(y) = 36*y + 7 - 13*y - y**2 - 25*y. Give k(-5).
-8
Let q = -1 - -3. Suppose -3*j - 5*r + 34 = 20, 5*r + 7 = 4*j. Let v(t) = -t**2 + 4*t**2 - j - t**3 + 0*t**q + 5*t. Determine v(4).
1
Suppose -45*b - 6 = -44*b + 2*o, 16 = -4*o. Let k(q) = -18*q - 4. Give k(b).
-40
Suppose 3*q + 17 = 29. Let p(y) be the third derivative of 3*y**2 + 0*y - y**3 + 0 + 1/12*y**q. What is p(5)?
4
Let b(f) = -9*f**2 - 1. Let g(d) = -22*d**2 - 109*d + 6. Let s be g(-5). Calculate b(s).
-10
Let c(n) = -n + 1. Suppose -4*g + 29 = 3*q, -3*g = q - g - 11. Suppose -27 = -4*y - q. Calculate c(y).
-4
Let c(n) = n**3 + 5*n**2 + n + 1. Let m be c(-2). Let s = 13 - m. Suppose 2*w - 8 = -i, 10 = 5*w + 3*i + s*i. Let b(r) = -r + 3. Calculate b(w).
-3
Let p(h) = h - 4. Let o be p(7). Let t = 11 + -8. Let y(i) = -i + 4 - i**3 + 2*i**3 + 0*i**t - 3*i**2. What is y(o)?
1
Let t(r) = r + 2. Suppose 0 = 6*d + 28 - 106. Suppose 6 = s + d. Determine t(s).
-5
Suppose -j = 4*z - 1493, 2*j = -0*j - 5*z + 2992. Suppose 0 = p - 5*t - 479, -3*p - j = -6*p - t. Let f(i) = 8 + p*i + i**2 - 499*i. Determine f(0).
8
Let l be ((-8)/10)/((-4)/30). Suppose l = 2*c - 6. Let q(v) be the second derivative of v**4/6 - 4*v**3/3 - 5*v**2/2 - 10*v. Give q(c).
19
Let v(x) be the second derivative of 0 - 3*x - 2*x**2 - 2/3*x**3 + 1/24*x**4. Let y(f) be the first derivative of v(f). Calculate y(6).
2
Let y = 95 + -63. Suppose y = -2*s + 3*s - 4*b, 5*b = -5*s + 85. Suppose t = -5*a - 2 + 30, 2*t + a - s = 0. Let x(w) = w**3 - 7*w**2 - 7*w - 5. Calculate x(t).
3
Let r(c) = c - 7. Let a = 1 + 0. Suppose -6*u + 17 = 2*d - 3*u, 4*u = -4*d + 24. Let i be a + d + 2/1. Calculate r(i).
-3
Let s be (-7 + -88)*(1 - (-8)/(-5)). Let z = s + -62. Let v(g) = -g. Let m(x) = 4*x - 1. Let o(q) = m(q) + 3*v(q). What is o(z)?
-6
Let t(h) = 3*h - 39. Suppose 10*o - 87 = 33. Calculate t(o).
-3
Suppose 3*r - 4*r = -8. Let z be (1 - 4)/(-9 + r). Let h(d) = z + 2*d - 5 + 2. Give h(-4).
-8
Let z(i) = -i**3 + i. Let m(y) = 5*y**3 + y**2 - 6*y - 1. Let u(h) = -m(h) - 6*z(h). What is u(-2)?
-11
Let y(i) = i + 6*i**2 - i**3 - 32*i**2 - i + 29*i**2. Determine y(3).
0
Let k(r) = -r**2 - 10*r - 1. Suppose -110*n = -126*n - 96. What is k(n)?
23
Let i be (3 - 3)*(1 + -2). Let h = i + -5. Let v(f) = 21*f**2 + 1 - 8*f - 22*f**2 - 5 + 0*f. Give v(h).
11
Let u(k) be the third derivative of 1/20*k**5 + 0*k + 2*k**2 + 1/24*k**4 + 0 + 1/6*k**3. Give u(2).
15
Let a(x) be the third derivative of -x**5/20 - x**4/8 + x**3/6 + 251*x**2. Determine a(2).
-17
Let c(w) = 2*w**3 - 4*w**2 - 3. Let x = -204 - -207. What is c(x)?
15
Let h(o) be the second derivative of -o**5/20 + o**4/4 + o**3/3 - 5*o**2/2 - o + 185. Calculate h(4).
-13
Let n(f) be the second derivative of f**5/120 - f**4/24 - 2*f**3/3 + 10*f. Let p(k) be the second derivative of n(k). What is p(-1)?
-2
Suppose 0 = l + 5*j - 17, -2*l = 3*l - 2*j - 4. Suppose 6 = 4*s - l. Let c(y) = 12 - 2 + y**s + 2. Determine c(0).
12
Let y(x) = -x**3 + 5*x**2 + 7*x - 9. Let n be (-56)/8 + 2*-2. Suppose -4*q = 2